**2. Calculate the remainder when m(0) is divided by o(1).
20
Suppose 0 = 5*y - 20, p - 5 = 10*y - 6*y. What is the remainder when (-119 + 0 + -1)*(-2)/3 is divided by p?
17
Let h = -51 + 59. Let q be (3 + -1)/h + 849/12. Suppose -2*j = -0*j - 3*u - q, j = u + 34. Calculate the remainder when 120 is divided by j.
27
Suppose -4 + 3 = -4*j + w, -2*w = -5*j + 5. Let f = j - -73. Calculate the remainder when f is divided by -1*(-1 - -4)*250/(-30).
22
Let y(p) = -968*p + 18418. Calculate the remainder when (-3 - (-3 + 1))*-32 is divided by y(19).
6
Let y(j) be the second derivative of j**4/2 - j**3/2 + j**2/2 - 147*j - 2. Calculate the remainder when 35 is divided by y(2).
16
Let x(i) = 3*i + 5. Let u be x(15). Let m be (-1)/(-2) - (-11975)/u. Suppose 0 = 2*k - 12*k + m. What is the remainder when 45 is divided by k?
21
Suppose 4*h - 133 = -5*k, 5*h - 144*k + 149*k = 170. What is the remainder when 133 is divided by h?
22
Suppose 0 = 2*h - 4*a - 20, -16*a = 4*h - 14*a - 10. Suppose -o - 4*o + 518 = -2*n, -h = n. Calculate the remainder when o is divided by 13.
11
Suppose 3*m + m = 5*p - 113, -p = -3*m - 16. What is the remainder when 274 is divided by p?
24
Suppose -49*a = -56*a + 35. Let r(j) = j**3 - 6*j**2 + 6*j - 9. Let z be r(a). Calculate the remainder when 94 is divided by (-3 - z)*(-48)/(-2).
22
Calculate the remainder when 1137 is divided by 2/(-7) + 557380/4060.
41
Suppose o - 8*v - 34 = -10*v, -5*v - 20 = -o. Let w(t) = 2*t**2 - 62*t + 79. What is the remainder when 79 is divided by w(o)?
3
Let f(r) = r**3 - 6*r**2 - 18*r + 6. Let a be f(8). Let z be (-61)/(-4) - a/(-40). Suppose z = w + 1. Calculate the remainder when w is divided by 9.
5
Let k = -891 + 964. Suppose -y = -156 + 14. What is the remainder when y is divided by k?
69
Let m be (-25)/(1*6/(-6)). Suppose -345 = -5*n - m. What is the remainder when n is divided by 15?
4
Let j(h) = h**3 - h**2 - h + 19. Suppose -4*r - 2*x + 5*x + 96 = 0, -4*r + 96 = -5*x. Let a = r - -13. Calculate the remainder when a is divided by j(0).
18
Calculate the remainder when ((-456)/(-5))/((-135)/(-450)) is divided by 6.
4
Let r(j) = j**2 - 14*j + 13. Let x be r(11). Calculate the remainder when 32/(-320) - 7542/x is divided by 9.
8
Let p = 11480 + -10687. What is the remainder when p is divided by 27?
10
Let p(m) be the second derivative of 4*m**3/3 - 19*m**2 - 28*m + 2. Suppose 3*h - 4*h = -35. Calculate the remainder when h is divided by p(7).
17
What is the remainder when 17/((-544)/(-41352)) + 8/(-32) is divided by 646?
0
Let h(a) = a**2 - 4*a - 2. Suppose 0 = 386*l - 426*l + 440. What is the remainder when h(-5) is divided by l?
10
Suppose 3*h = -h + 92. Let t = 60 - 92. Let v = -26 - t. What is the remainder when h is divided by v?
5
Suppose -5*m = 3*j - 503, -628 = -4*j + 735*m - 731*m. Calculate the remainder when 1112 is divided by j.
146
Let s(y) = -18*y - 311. Let f be s(-17). Suppose 3*h + 58 = 4*h + 2*j, 2*h + 5*j = 113. What is the remainder when h is divided by -8*f/40*17?
13
Let d(v) = 113*v - 2904. Calculate the remainder when 2423 is divided by d(31).
27
Let a be -1*26*70/(-4). Suppose 24*r = 11*r + a. Calculate the remainder when 101 is divided by r.
31
Calculate the remainder when 41 is divided by 14/21*273/13.
13
Let c(q) be the first derivative of -q**3/6 - 2*q**2 + 35*q - 24. Let s(w) be the first derivative of c(w). What is the remainder when 3 is divided by s(-7)?
0
Suppose 2*y = 6*y - 12, -4*c - 3*y = -29. Let v(b) = -2*b**2 + 3*b - 10. Let n be v(c). Let m = -13 - n. Calculate the remainder when 222 is divided by m.
30
Let w be (52 - -8)/(-6) + -103. Let z = w - -188. Let v = -9 - -16. What is the remainder when z is divided by v?
5
What is the remainder when 656 is divided by 25 + (-1 - 9/(-8) - 5775/1848)?
18
Let a be (-8)/(-6)*((2 - -3) + -2). Suppose -j = 3*z + a - 1, j = 3*z + 9. Let y(d) = 25*d + 4. Calculate the remainder when y(j) is divided by 20.
19
Suppose -s + 142 = 5*w, 3*s = -3*w - 0*s + 78. Calculate the remainder when w is divided by 2310/312 + (-6)/39 + 9/(-36).
1
Let f = 11 + -3. Suppose 3*t + 4*n - 13 = 0, -t - 2 + 3 = -2*n. What is the remainder when (-12)/(-28)*105/t is divided by f?
7
Suppose -5*h = -185 - 140. Suppose 2*w - h = 9. Calculate the remainder when 17/51 + (1672/12)/2 is divided by w.
33
Let m be (0 + 4)/4 - -4. Suppose -m*x = -73 + 48. Suppose 0 = 3*j + w - 42, -3*j + 4*w + 27 = 0. What is the remainder when j is divided by x?
3
What is the remainder when (152 - 162) + 404*1 is divided by 99?
97
Let g(x) = 12*x - 3. Let l(a) = -14*a + 3. Let v(m) = -5*g(m) - 4*l(m). What is the remainder when 167 is divided by v(-4)?
15
Let r be (-10)/15*3 + -4 + 1. Let g(b) = b**2 + 5*b + 18. Let p be g(r). Suppose -22*k = -p*k - 568. What is the remainder when k is divided by 13?
12
Suppose y - 16 = -5. Suppose 2*h = -33*h + 16730. Let p = h - 460. What is the remainder when p is divided by y?
7
Calculate the remainder when 14/(-11 + 756/68) is divided by 11.
9
Suppose -25*y - 39 = -289. Suppose -20*b + 72 = -2*b. What is the remainder when y is divided by b?
2
Suppose -340 = -2*c - 2*c. Let v = 126 - 191. Let w = -43 - v. Calculate the remainder when c is divided by w.
19
Let r = -44 + 48. Suppose -r*t + 2 = -6. Suppose -6 = -t*y - 0. What is the remainder when y is divided by 1?
0
Suppose 3*m = 2*m - 5*v + 4, 3*v = 5*m + 64. Let u = -8 - m. Suppose -b + 5*i + 3 - 10 = 0, 2*b + 4*i = 28. Calculate the remainder when b is divided by u.
2
Calculate the remainder when 6/(-10)*(3 + 5 + -213) is divided by 27.
15
Let j = 13454 - 12773. What is the remainder when j is divided by 173?
162
Suppose 61*s + 20 = 66*s. Suppose -50*k + 52*k - 17 = -a, s*a = -2*k + 14. Calculate the remainder when 27 is divided by k.
0
Let y(m) = -m**2 - 14*m. Let a(b) = -79*b - 9774. Calculate the remainder when y(-10) is divided by a(-124).
18
Suppose 0 = -3*j - 6, 59*j - 60*j = -2*w + 16. Calculate the remainder when 398 is divided by w.
6
Suppose 0 = 3*a - 4*g - 262 - 460, 3*a + 2*g - 710 = 0. Let q = a - 216. What is the remainder when 84 is divided by q?
18
Let s(d) = -d**3 + 40*d**2 - 373*d + 8. What is the remainder when 566 is divided by s(25)?
44
Suppose 2 = 2*r + 5*b + 7, -2*r - b = -15. Suppose r*q - 11 - 29 = 0. Suppose 0 = v + v, -3*t + 93 = q*v. Calculate the remainder when 59 is divided by t.
28
Let u be 5/1*(20 - 3). What is the remainder when 105 is divided by 6/(-10) - (-816)/u?
6
Suppose z - 3*v = 7670, -4*v - 3447 = -3*z + 19558. Calculate the remainder when z is divided by 142.
141
What is the remainder when 93*((-182)/39 - -8) is divided by 13?
11
Suppose 9*k + 12*k - 9*k - 420 = 0. What is the remainder when 5982 is divided by k?
32
Let x(m) = m**2 + 22*m + 38. Let n be x(-20). What is the remainder when 44 is divided by (96/120)/(n*2/(-80))?
12
Let z be -1*4/(-4)*83. Suppose g - 3*b - z = 0, b = -g - 0*b + 91. Calculate the remainder when g is divided by (-12 + -1 - -3)/(4/(-6)).
14
Let v(z) = 2*z**3 + 16*z**2 - 3*z - 9. Let w be (-70 + 6)/8 - (-1 + 1). What is the remainder when 117 is divided by v(w)?
12
Let u be 4*(13/(-2) + 4). Let a(l) = l**3 + 10*l**2 + 12*l - 8. Let s be a(u). Let m = -64 - s. Calculate the remainder when m is divided by 17.
13
Suppose -19 - 32 = 17*s. What is the remainder when 54 is divided by s + (-11)/((-11)/14)?
10
Let l(x) be the second derivative of 25*x**3/6 - 106*x**2 + 44*x. What is the remainder when 35 is divided by l(9)?
9
Let q(a) = -20*a - 398. What is the remainder when q(-24) is divided by 73?
9
Suppose -4*l + 776 = 3*r, -4*l - 4*r - 443 = -1219. Suppose -4*y - l = -5*f, -3*y + 0*y + 54 = f. What is the remainder when f is divided by 2?
0
Let s = -15257 + 15274. Suppose 3*j = -4*q + 238, 4*q - 290 = 5*j - 36. What is the remainder when q is divided by s?
10
Let m(v) = -v**2 + 12*v - 3. Let f be m(9). Suppose -a + f = 2*a. Suppose 2*w - 20 = 3*o, w - 71*o - 7 = -68*o. Calculate the remainder when w is divided by a.
5
Let f be (-12)/9*(-3 + 42/(-8)). Suppose 0 = -3*c - 2*z + 32, 0 = 4*c - 5*z - 69 + f. What is the remainder when 14 is divided by c?
2
Let k = 55 - 82. Suppose -450 = -5*v - 0*v. Calculate the remainder when v is divided by -23 + 16 + (-1 - k).
14
Let u(o) = -o**3 - 5*o**2 + o - 3. Let x be u(-3). Let